0 - 5*k**4/6 + 5*k**3/3 + 6*k**2 - 4*k. What is the tens digit of h(9)?
2
Let t(o) = -o. Let u(d) = -d**3 + d**2 + d - 13. Let v(n) = -t(n) - u(n). What is the tens digit of v(0)?
1
Let w(k) = 14*k**2 - 35*k. Let f(l) = 5*l**2 - 12*l. Let y(h) = h**2 + 2*h + 3. Let s be y(-4). Let o(t) = s*f(t) - 4*w(t). What is the tens digit of o(4)?
1
Let n = 270 + -144. What is the hundreds digit of n?
1
Let l = -193 + 290. What is the units digit of l?
7
Suppose 0 = 2*q + 5 - 19. Let m = 0 + 2. Let v = q - m. What is the units digit of v?
5
Let o be 2/(6/9) - 8. Let p = 23 - o. What is the units digit of p?
8
Let z = 8 + -9. Let g be ((-5)/10)/(z/44). Suppose 3*l = -5*m, -5*l - 2*m + g - 3 = 0. What is the units digit of l?
5
Let o(r) be the third derivative of -1/60*r**6 + 0 + 3*r**2 + 0*r**3 - 1/20*r**5 + 0*r - 1/8*r**4. What is the tens digit of o(-2)?
1
Let g(k) = k**3 - 8*k**2 + 9*k - 4. Let t be g(7). Suppose -x - 3*x - 28 = 0. Let z = t + x. What is the units digit of z?
3
Let x = -359 + 658. What is the hundreds digit of x?
2
Let a be 6/9*-3 + -67. Let g = a - -35. Let o = -18 - g. What is the units digit of o?
6
Let h be 102*(4 + 44/(-12)). Suppose -5*w + 4*l = -3*w - 10, -2*w - 4*l + h = 0. What is the units digit of w?
1
Suppose 0 = -0*b + 3*b - 180. Suppose b = 2*i + 12. What is the units digit of i?
4
Let m be 12/5 - (-4)/(-10). Suppose -m*y = k + 3*k - 94, y - 5*k = 26. What is the tens digit of y?
4
Suppose 0 = 3*w - 9, -5*t = -w - 2*w - 181. What is the tens digit of t?
3
Let l = -10 + 18. Let w = l - -15. What is the units digit of w?
3
Suppose -f + 10 = -10. What is the tens digit of f?
2
Let l(b) be the third derivative of b**4/24 + b**3 + 2*b**2. Let y be l(0). Suppose y*m = 5*t + 2*m - 37, -t + 8 = -m. What is the units digit of t?
5
Suppose -2*i = 3*i - 25. Let j be (i + -10)*(0 + 1). What is the units digit of j*(0 + (-7)/5)?
7
Suppose -3*x - 91 = -4*c - 31, -5*x = 4*c - 28. What is the tens digit of c?
1
Suppose 0 = -14*s + 13*s + 18. What is the tens digit of s?
1
Suppose -4*o = -12, 2*z - z - 4*o = -9. Let i = 7 - z. What is the units digit of i?
4
Let j = 6 + -9. Let m = j - -13. Suppose m = 2*g - q, -q - 4 = -4*g + 16. What is the units digit of g?
5
Let g(z) = z - 5. Let y be g(8). Suppose 5*r - y*t = -t + 103, -r - 3*t + 7 = 0. What is the tens digit of r?
1
Let s(z) = 79*z**2 + z + 2. What is the units digit of s(-1)?
0
Let k be (-74)/(-14) + (-4)/14. Suppose -p = -g - 5, g + g - k*p = -16. What is the units digit of 28/12 + 1/g?
2
Let s be (-1 + -1)/(8/(-12)). Let l be 44/7 + (-2)/7. Suppose l + 3 = s*g. What is the units digit of g?
3
Let n(g) be the first derivative of g**3/3 - 5*g**2/2 - 14*g + 5. What is the tens digit of n(10)?
3
Let v be 1*(-4)/(-4) + -1. Suppose -t = k - 23, -2*t - 2 - 4 = v. What is the units digit of k?
6
Let c = 169 - 110. What is the units digit of c?
9
Let b(y) = -3*y - 33. Let q(l) = -4*l - 50. Let f(a) = 8*b(a) - 5*q(a). What is the units digit of f(-9)?
2
Let b(q) = -3*q + 22. What is the units digit of b(-17)?
3
Let d(s) = -s**3 + 5*s**2 + 8*s - 1. Let y be 50/8 - (-1)/(-4). What is the units digit of d(y)?
1
Let m = 2 - 0. Let o(h) = 3*h + 1. Let p be o(1). Suppose c = -m + p. What is the units digit of c?
2
Suppose -3*w = 5*t - 4, t + 10 = 4*t - 2*w. Suppose -y + t*y - 34 = 0. What is the units digit of y?
4
Let n(w) = w**3 + 6*w**2 + 5*w + 2. What is the hundreds digit of n(5)?
3
Let h be (-2)/(-6) + 143/(-33). Suppose m - 6 = 2*w + 3, 3*w - 14 = -4*m. Let p = m + h. What is the units digit of p?
1
Suppose 5*o - 7 = -72. What is the units digit of (-4)/(4/o) + 0?
3
Let v be 1*6 - 2 - 1. Suppose 5*o - 62 = v*o. Suppose -2*a - 3*m = -o, 3*a - 49 = -4*m - m. What is the units digit of a?
8
Let k = -40 - -60. Suppose -20 = -2*y + y + 2*o, 0 = 5*o + k. What is the tens digit of y?
1
What is the tens digit of 6/(-51) + (-6876)/(-68)?
0
Let x = -3 - -49. Suppose r = 3*r - 4*v - 38, 4*r - 2*v = x. Suppose -5*s + r = -6. What is the units digit of s?
3
Suppose -7*j = -827 - 90. What is the tens digit of j?
3
Let i(u) = u**2 - 6*u - 1. Let f be i(6). Let b = f - -4. Suppose -4*l + 5 = -b. What is the units digit of l?
2
Suppose -11 = -3*p + 82. What is the tens digit of p?
3
Suppose 4*h - 2*d = 7 + 39, -d = -5*h + 50. What is the units digit of h?
9
Let k(i) = 3*i**2 + i + 5. What is the hundreds digit of k(-7)?
1
Suppose 1 = 3*p - 5. Suppose -5*l + 225 = 5*x, p*x + l + 50 = 142. What is the units digit of x?
7
Let u(f) = -4*f - 1. Let i be u(-3). Suppose h = -3*j - i, -8*h + 5*j + 7 = -4*h. Let r(m) = -2*m - 3. What is the units digit of r(h)?
1
Suppose -f = -3*n - 164, -2*n + 3*n = 0. What is the units digit of f?
4
Let g(i) = -i - 4. Let w be g(-9). Suppose -60 = -0*z - w*z. What is the tens digit of z?
1
Suppose 10*z + 20 = 5*z. What is the units digit of 1/((-1)/z*2)?
2
Let r(g) = g**2 - g + 1. Let u be (33/(-22))/(6/(-8)). What is the units digit of r(u)?
3
Let j(a) = -a**3 + 9*a**2 - 7*a - 10. Let q be j(8). Let r = q + -1. What is the units digit of 4 - (6/(-2))/r?
3
Suppose 4*f + h = -4*h - 80, -4*f + 2*h - 108 = 0. Let z = f + 57. What is the units digit of z?
2
Let q = 3 + -3. Let w = q + 0. Suppose w*b - b + 6 = 0. What is the units digit of b?
6
Let r(y) = 0*y - 3*y + 4 + 2*y. What is the units digit of r(3)?
1
Let w = 6 + -3. What is the units digit of (w - 4)/(2/(-10))?
5
Let b(f) = -f**3 - 7*f**2 - 7*f - 3. Let r be b(-6). Suppose 3*g - 3*n + 4 = -11, r*g + 19 = 5*n. What is the units digit of 1/(g/(-42)*2)?
7
Let j(r) = 4*r - 8. Let h be j(4). Let c = h + 11. What is the units digit of c?
9
Suppose 5*f - 64 = 3*f + 2*d, -5*f + 2*d + 151 = 0. Suppose -4*r = -5*b + f, 2*r = -4*b - b + 53. What is the units digit of b?
9
Suppose 0 = 4*l - 2*l + 4*o - 8, 4*o = -l. Let v = 3 + l. What is the tens digit of v?
1
Let h(z) be the first derivative of -z**2/2 + 10*z - 2. Let l be h(8). Suppose -l*x + 7*x = 65. What is the units digit of x?
3
Suppose -154 = -2*b + 92. What is the tens digit of b?
2
Let d be -1 - (0 - -1 - 5). Suppose 10*u - 5*u = 0. Suppose u = -4*y + 5*z - 7, 3*y = d*z - 3 - 0. What is the units digit of y?
2
Let k(z) = -z + 4. Let u be k(-5). Let q = u - -1. What is the tens digit of q?
1
Let d = 33 - 18. Suppose -2*u + 38 = 5*c - 0, -2*c - u + d = 0. What is the units digit of 46/14 + c/(-28)?
3
Suppose -2*z = -25 + 9. Suppose -3*i - 70 = -z*i. What is the tens digit of i?
1
Suppose 4*z + 20 = 5*o + 3*z, 0 = -4*o - 5*z - 13. Let l = o + 1. What is the units digit of l?
4
Let b(w) = -w**2 + 6*w + 8. Let l be b(7). What is the tens digit of (-2 - -2) + l - -34?
3
What is the units digit of 3*(-4)/24*-58?
9
Suppose -3*s + 11 = -34. Let a = 28 - s. What is the tens digit of a?
1
Suppose -z + 2*o - 9 = 0, 5*z + 3*o = 16 + 4. Let y(q) = 2*q - 8. Let x be y(6). Suppose 10 = 3*a - x*k, 2*k - z = -3. What is the units digit of a?
2
Suppose 2 = -t, l = 2*t - 4*t. Suppose -180 = -l*i - 44. What is the tens digit of i?
3
Let k be -3*(-4 - (-2 - 1)). Suppose -k*l + c = 6*c - 87, -c - 116 = -4*l. What is the units digit of l?
9
Let m(r) = 4*r**2 + 19*r + 12. What is the units digit of m(-10)?
2
Let i(k) = k**2 - 2. Let v be i(2). Suppose 5*a + 2*s + 2*s - 10 = 0, -v*a + 2*s + 4 = 0. What is the units digit of (-3 - -2) + a*1?
1
Let y = 2 - 2. Suppose y = 3*z - 0 - 6. What is the units digit of (0 + -1)*(z - 9)?
7
Let w = -52 - -116. What is the units digit of (-3)/((-6)/w) - -2?
4
Let h = 44 + -31. Suppose 0*k + k = 2*a + 10, h = k - 3*a. Suppose -15 = -g - k*q, -5*g - 5*q + 38 = -2*g. What is the tens digit of g?
1
Suppose 2*z + 1 = z, -5*a + 3*z - 117 = 0. Let o = 51 + a. What is the tens digit of o?
2
Suppose -10*l + 145 = -5*l. What is the units digit of l?
9
Let x(w) = w**3 + 18. Let j be x(0). Suppose z + n = -j, -2*n = 3*z - n + 50. What is the units digit of (4/8)/((-1)/z)?
8
Suppose -2 = -2*j + 6. Suppose 0 = 3*b - 5*x - 11, -x = j*b - 2*x - 9. Suppose 3*d - d + 60 = 4*u, -3*d = b*u - 30. What is the units digit of u?
5
Suppose -b - b + 74 = 0. What is the tens digit of b?
3
Let t = 13 - 1. What is the tens digit of t?
1
Let d = 23 + -16. What is the units digit of d?
7
Let t(v) = -v**3 + 6*v**2 - 5*v + 5. Suppose 5*x = -i + 30, 0*x = x + 3*i - 20. Let y be t(x). Suppose g 